r of m and 10.
2
Suppose 0*z = z + 6. Let p be (1 + 9/z)*-70. What is the greatest common divisor of 14 and p?
7
Let j be 0/3 + 0 - -5. Suppose 2*v + 2*f + 2 = 28, -2 = 2*v - j*f. Calculate the greatest common factor of v and 27.
9
Suppose 0 = 2*m + 2*m - 28. Calculate the highest common divisor of 77 and m.
7
Let u be 4/(-30) + 17/15 + 5. Calculate the greatest common factor of 48 and u.
6
Let g(s) = -7*s**2 + s + 1. Let a be g(-1). Let r = a + 7. Suppose r = -w - w + 48. Calculate the highest common divisor of w and 24.
24
Suppose 6*c + 6 = 9*c. Let l be (16 - -1) + (-2)/c. What is the greatest common divisor of 8 and l?
8
Let k(h) = h**3 + 4*h - 4. Let x be k(3). Calculate the greatest common factor of x and 7.
7
Let m be 20/15*(2 + 1). Suppose 0 = -m*t - 18 + 54. Let f = -60 - -105. Calculate the highest common factor of f and t.
9
Let j = 8 - 4. Suppose 4*d - j*m = 3*d + 104, -d - m = -79. What is the highest common divisor of d and 12?
12
Let x be 24/(7/((-21)/(-6))). What is the highest common factor of x and 60?
12
Suppose 2*l - 131 + 3 = 0. What is the greatest common divisor of 80 and l?
16
Let m be (5 + -1)*8/2. What is the highest common factor of 32 and m?
16
Suppose 0 = 3*m - m - 176. Calculate the highest common divisor of m and 11.
11
Let o(t) = -t**2 - 12*t + 29. Let k be o(-13). Calculate the highest common factor of k and 128.
16
Let y = 158 + -49. Let t be (-6 - -3) + y + -1. Calculate the greatest common divisor of t and 21.
21
Let o be 24*(0 - (-8)/6). Suppose -5*a - 174 = -194, -2*c = -3*a + 4. What is the highest common divisor of o and c?
4
Let c = -6 + 6. Suppose z - 5*h + 5 = c, z + 0*z = -5*h + 15. What is the greatest common factor of 30 and z?
5
Let a(p) = p**2 - 2*p - 3. Let j be a(5). Calculate the highest common divisor of 108 and j.
12
Let x = 5 - -39. Let z(q) = 2*q**2 - 2*q - 1. Let t be z(-2). Calculate the highest common factor of t and x.
11
Suppose i - 2*w - 9 = w, -3 = -3*w. Suppose 2*s - 1 = 263. What is the highest common factor of i and s?
12
Let q(g) = -g**2 + 9*g + 6. Let m be q(5). Let x(d) = 26*d**3 - d**2 + 1. Let v be x(1). Let b = v - 13. Calculate the greatest common factor of b and m.
13
Let o be -1 + (-5)/(-5)*22. What is the greatest common divisor of 273 and o?
21
Suppose 2*a - 24 = -d + 3*d, 4*a = -5*d + 30. Let q = a - 8. What is the highest common divisor of 3 and q?
1
Let x = 106 - 34. Calculate the greatest common factor of 8 and x.
8
Let n be (-14)/4*(1 - 3). Let j(s) = -5*s + 12. Let f be j(-13). Calculate the greatest common divisor of f and n.
7
Let n = 9 + -4. Suppose 21 = c + n. What is the greatest common divisor of 40 and c?
8
Suppose k - 3*x - x - 11 = 0, -5*x = 2*k + 4. Suppose -2*f + 5*u + 50 = k*f, -5*f = -4*u - 45. What is the greatest common divisor of f and 15?
5
Let h(a) = a**3 - 7*a**2 - 7*a + 10. Let i be h(8). What is the highest common factor of i and 45?
9
Let a(m) = -7*m - 7. Let x(w) = 1. Let v(u) = a(u) + 3*x(u). Let n be v(-3). Calculate the highest common divisor of n and 153.
17
Let t(g) = -g - 3. Let b be t(-6). Suppose h - 2*k - 69 = -b*k, h = 4*k + 84. What is the highest common divisor of h and 8?
8
Suppose 0 = -2*r + 22. Calculate the greatest common divisor of 44 and r.
11
Suppose -2*r + 70 = -2. What is the highest common divisor of 4 and r?
4
Suppose 4*h + t - 765 + 121 = 0, 0 = -4*h - 4*t + 656. What is the greatest common divisor of 5 and h?
5
Let w = 20 + -5. Suppose -w = -5*m - 0*m. Suppose 9 = -2*k + m*k. Calculate the highest common divisor of k and 81.
9
Let h(s) = -s + 47. Let c be h(10). What is the greatest common factor of 111 and c?
37
Suppose 0 = 4*g - 0*g - 112. Let p = -20 + g. What is the greatest common factor of p and 2?
2
Let s be (3 - (1 - 2))/2. Calculate the greatest common factor of 2 and s.
2
Suppose 4*c = -3*t - 4, 0*c + 16 = -2*c - 5*t. Suppose 4*a = c*a. Let v be (0 - 22)/(a - 2). What is the highest common factor of 55 and v?
11
Suppose 5*s - 2*h - 22 = 16, 4*s - 3*h = 36. What is the highest common divisor of s and 10?
2
Let t = -4 + 7. Suppose -9 = 3*y, -4*k + 311 - 102 = -t*y. Suppose -2*a = -k - 16. Calculate the highest common factor of 11 and a.
11
Let p = -3 + 7. Suppose 0 = -p*w + 5 + 11. What is the greatest common divisor of 28 and w?
4
Let c be 30/(-3 - 2*-2). Suppose 2*s - c = -s. Calculate the highest common divisor of 4 and s.
2
Suppose 5*t + 146 = -0*i + 4*i, -4*t = -8. What is the greatest common factor of 26 and i?
13
Suppose 0*t - 4*t + 8 = 0. Suppose -n + t*n - 2 = 0. Let p be n/(-2 + 1) + 24. Calculate the greatest common factor of 2 and p.
2
Let j be (-2)/4*(-7 - 3). Let t = -2 + 47. Calculate the greatest common factor of t and j.
5
Suppose -z + 65 = 3*z - 3*g, -5*z = -4*g - 82. Let h be 336/(9/3) + 0. Calculate the greatest common divisor of h and z.
14
Suppose 4*h + 160 = 2*b, -2*b - h + 69 + 71 = 0. Calculate the greatest common factor of 48 and b.
24
Let k be 4/(-16) - 33/(-4). Calculate the highest common divisor of k and 8.
8
Let r be 6/(-21) - 1518/(-21). Let t be -2 + -1 - (-2)/(-1). Let o(x) = -2*x - 2. Let v be o(t). Calculate the highest common factor of r and v.
8
Suppose -t + 3*t = 116. Let l = t + -40. Suppose 0*p = -5*s - p + 133, -4 = 2*p. Calculate the greatest common factor of s and l.
9
Suppose -2*d + 0 + 6 = 0. Let a = 4 + -3. Calculate the highest common factor of a and d.
1
Let l be -2*-2*(-1)/(-2). Suppose 0 = -4*f + l*n + 526, f - 3*n - 127 = 2*n. Calculate the greatest common divisor of f and 12.
12
Suppose 14 = a - 0*a. Let j = 16 - a. Calculate the greatest common divisor of 1 and j.
1
Let y(w) = 4*w + 4*w + 6*w - 2*w. Suppose 4*z - 4*r - 8 = 0, 3*r = -4*z - 0*r + 29. Let m be y(z). What is the highest common divisor of 12 and m?
12
Suppose -2*k = 3*w - 140, -190 = -4*w + 2*k - 3*k. Let b be w/10 - 1/(-5). Let t be (-212)/(-6) + (-1)/3. Calculate the highest common factor of b and t.
5
Let n = -34 + 66. Calculate the highest common factor of n and 48.
16
Let j = 30 + -27. What is the greatest common factor of 9 and j?
3
Suppose -8*o + 88 = 3*o. What is the highest common factor of 24 and o?
8
Let z be (-5)/(5/(-24)) - 2. Let f(y) = -y**3 - 16*y**2 - 2*y + 23. Let v be f(-16). What is the greatest common factor of z and v?
11
Suppose b + 3*l - 27 = 0, -151 = -5*b - 4*l + 39. What is the greatest common factor of 14 and b?
14
Let z = -4 + 6. Let p be -1 + 3 + -2 - z. Let g be (-1)/(p/12)*3. Calculate the greatest common factor of 45 and g.
9
Let z = -23 + 36. Calculate the greatest common factor of z and 91.
13
Let w be (-2)/3 - 174/9. Let v be (-22)/(-5) - (-8)/w. Suppose -2*i = -v*p + 40, -3*i - 27 = 2*p - 5*p. Calculate the greatest common divisor of p and 77.
11
Let o = -7 - -15. Let m = o + -6. Calculate the highest common divisor of 18 and m.
2
Let a be ((-2)/1)/(1/(-9)). Let o be (0 - -1)/(1/a). What is the highest common divisor of 6 and o?
6
Let j be (-3)/6*-20*14. Let h be 10*((-84)/(-10))/3. Calculate the highest common divisor of j and h.
28
Suppose -10*j + 922 = -7*j - 5*y, y + 902 = 3*j. Calculate the greatest common factor of j and 23.
23
Let d = 20 - 20. Suppose -120 = -m - d*m. What is the highest common divisor of 24 and m?
24
Let x(f) = 48*f. Let h be x(1). Let t be (-8)/(-28) + 110/7. Calculate the greatest common factor of t and h.
16
Let o(j) = -j**2 + 9*j - 7. Let y = 9 - 7. Suppose 6*v - y*v = 28. Let c be o(v). Calculate the highest common divisor of 35 and c.
7
Suppose 0*n = 3*n + 4*t - 67, n + t - 23 = 0. Calculate the greatest common factor of 200 and n.
25
Let i be (-2)/(4/20 + 22/(-60)). What is the highest common divisor of i and 84?
12
Let j(d) = d**2 + 7*d - 7. Let h be j(-8). What is the highest common factor of h and 9?
1
Let u be (-1 + -5)*(2 - 4). Let x = -11 - -15. Calculate the highest common divisor of u and x.
4
Suppose 56 - 16 = -5*u. Let p = u + 26. Calculate the greatest common divisor of 9 and p.
9
Suppose -3*a + 0*a = -144. What is the highest common factor of a and 12?
12
Let k(v) = -v + 4. Let m be k(0). Suppose -w + m = -1. Suppose 12 = w*q - 23. What is the highest common factor of q and 28?
7
Let g be (-3 - 19/(-3))/(6/243). What is the greatest common factor of 30 and g?
15
Let r(s) = -4*s + 0 - 4 + 5*s + 5*s**2. Let p 